{"id":7838,"date":"2023-02-10T10:15:08","date_gmt":"2023-02-10T16:15:08","guid":{"rendered":"https:\/\/warehouseracklatam.com\/el_salvador\/?page_id=7838"},"modified":"2023-02-10T13:16:53","modified_gmt":"2023-02-10T19:16:53","slug":"guia-de-pasillos-para-montacargas","status":"publish","type":"page","link":"https:\/\/warehouseracklatam.com\/el_salvador\/guia-de-pasillos-para-montacargas\/","title":{"rendered":"Gu\u00eda de pasillos para montacargas"},"content":{"rendered":"<section class=\"wpb-content-wrapper\"><p>[vc_row full_width=&#8221;stretch_row_content_no_spaces&#8221; gap=&#8221;0&#8243;][vc_column]<div class=\"riode-wpb-banner-container  wpb_custom_d101257ce6b8c6b2e94e0d1026fbae54 vc_custom_1650481110379\" ><div class=\"banner banner-fixed\"><figure class=\"banner-img \"><img decoding=\"async\" src=\"https:\/\/warehouseracklatam.com\/el_salvador\/wp-content\/uploads\/2022\/04\/wr_banner-tienda.jpg\" alt=\"\" width=\"1903\" height=\"250\" class=\"\" srcset=\"https:\/\/warehouseracklatam.com\/el_salvador\/wp-content\/uploads\/2022\/04\/wr_banner-tienda.jpg 1903w, https:\/\/warehouseracklatam.com\/el_salvador\/wp-content\/uploads\/2022\/04\/wr_banner-tienda-300x39.jpg 300w, https:\/\/warehouseracklatam.com\/el_salvador\/wp-content\/uploads\/2022\/04\/wr_banner-tienda-1024x135.jpg 1024w, https:\/\/warehouseracklatam.com\/el_salvador\/wp-content\/uploads\/2022\/04\/wr_banner-tienda-768x101.jpg 768w, https:\/\/warehouseracklatam.com\/el_salvador\/wp-content\/uploads\/2022\/04\/wr_banner-tienda-1536x202.jpg 1536w, https:\/\/warehouseracklatam.com\/el_salvador\/wp-content\/uploads\/2022\/04\/wr_banner-tienda-150x20.jpg 150w, https:\/\/warehouseracklatam.com\/el_salvador\/wp-content\/uploads\/2022\/04\/wr_banner-tienda-600x79.jpg 600w\" sizes=\"(max-width: 1903px) 100vw, 1903px\"><\/figure><div class=\"riode-banner-layer-container  wpb_custom_0464f9d0f91206bbcddd2933e9785aba banner-content t-m\" >\r\n<div class=\"title-wrapper  wpb_custom_dec34fbef3983e9de08b1cbf617ca131 mb-0 title-center link-left\" ><h2 class=\"title\">Gu\u00eda de pasillos para montacargas<\/h2><\/div><div class=\"riode-breadcrumb-container  wpb_custom_1482b79f80d0cc360f89f7d243d9ebc1\" >\r\n<ul class=\"breadcrumb home-icon\"><li><a href=\"https:\/\/warehouseracklatam.com\/el_salvador\"><\/a><\/li><\/ul><script type=\"application\/ld+json\">{\"@context\":\"https:\\\/\\\/schema.org\\\/\",\"@type\":\"BreadcrumbList\",\"itemListElement\":[{\"@type\":\"ListItem\",\"position\":1,\"item\":{\"name\":\"Casa\",\"@id\":\"https:\\\/\\\/warehouseracklatam.com\\\/el_salvador\"}}]}<\/script><\/div>\r\n<\/div>\r\n<\/div><\/div>[\/vc_column][\/vc_row][vc_section][vc_row][vc_column][vc_single_image image=&#8221;7844&#8243; img_size=&#8221;full&#8221; alignment=&#8221;center&#8221; onclick=&#8221;link_image&#8221;][vc_single_image image=&#8221;7867&#8243; img_size=&#8221;full&#8221; alignment=&#8221;center&#8221; onclick=&#8221;link_image&#8221;][\/vc_column][\/vc_row][\/vc_section][vc_row content_placement=&#8221;middle&#8221; css_animation=&#8221;bounceIn&#8221; css=&#8221;.vc_custom_1650651987145{padding-top: 50px !important;padding-right: 50px !important;padding-bottom: 50px !important;padding-left: 50px !important;background-image: url(https:\/\/warehouseracklatam.com\/el_salvador\/wp-content\/uploads\/2022\/04\/wr_banner-tienda.jpg?id=6629) !important;}&#8221;][vc_column width=&#8221;3\/4&#8243;][vc_custom_heading text=&#8221;\u00bfEst\u00e1s buscando una soluci\u00f3n para manejar y mover cargas pesadas en tu pr\u00f3ximo proyecto? \u00a1Tenemos justo lo que necesitas! Llama ahora y pregunta por la disponibilidad de los Montacargas.&#8221; font_container=&#8221;tag:h4|text_align:left|color:%23ffffff&#8221; use_theme_fonts=&#8221;yes&#8221;][\/vc_column][vc_column width=&#8221;1\/4&#8243;]<div class=\"riode-button-container  wpb_custom_d7948f8775ff35a98d32c18ccff70c33\" >\r\n<a class=\"btn btn-secondary btn-icon-left\" href=\"tel:+50325224100\" ><i class=\"fas fa-phone-volume\"><\/i>\u00a1Llama ya!<\/a><\/div>\r\n[\/vc_column][\/vc_row]<\/p>\n<\/section>","protected":false},"excerpt":{"rendered":"<p>[vc_row full_width=&#8221;stretch_row_content_no_spaces&#8221; gap=&#8221;0&#8243;][vc_column][\/vc_column][\/vc_row][vc_section][vc_row][vc_column][vc_single_image image=&#8221;7844&#8243; img_size=&#8221;full&#8221; alignment=&#8221;center&#8221; onclick=&#8221;link_image&#8221;][vc_single_image image=&#8221;7867&#8243; img_size=&#8221;full&#8221; alignment=&#8221;center&#8221; onclick=&#8221;link_image&#8221;][\/vc_column][\/vc_row][\/vc_section][vc_row content_placement=&#8221;middle&#8221; css_animation=&#8221;bounceIn&#8221; css=&#8221;.vc_custom_1650651987145{padding-top: 50px !important;padding-right: 50px !important;padding-bottom: 50px !important;padding-left: 50px !important;background-image: url(https:\/\/warehouseracklatam.com\/el_salvador\/wp-content\/uploads\/2022\/04\/wr_banner-tienda.jpg?id=6629) !important;}&#8221;][vc_column width=&#8221;3\/4&#8243;][vc_custom_heading text=&#8221;\u00bfEst\u00e1s buscando una soluci\u00f3n para manejar y mover cargas pesadas en tu pr\u00f3ximo proyecto? \u00a1Tenemos justo lo que necesitas! Llama ahora y pregunta por la disponibilidad de los Montacargas.&#8221; font_container=&#8221;tag:h4|text_align:left|color:%23ffffff&#8221; [&hellip;]<\/p>\n","protected":false},"author":3,"featured_media":0,"parent":0,"menu_order":0,"comment_status":"closed","ping_status":"closed","template":"","meta":{"content-type":"","footnotes":""},"class_list":["post-7838","page","type-page","status-publish","hentry"],"_links":{"self":[{"href":"https:\/\/warehouseracklatam.com\/el_salvador\/wp-json\/wp\/v2\/pages\/7838","targetHints":{"allow":["GET"]}}],"collection":[{"href":"https:\/\/warehouseracklatam.com\/el_salvador\/wp-json\/wp\/v2\/pages"}],"about":[{"href":"https:\/\/warehouseracklatam.com\/el_salvador\/wp-json\/wp\/v2\/types\/page"}],"author":[{"embeddable":true,"href":"https:\/\/warehouseracklatam.com\/el_salvador\/wp-json\/wp\/v2\/users\/3"}],"replies":[{"embeddable":true,"href":"https:\/\/warehouseracklatam.com\/el_salvador\/wp-json\/wp\/v2\/comments?post=7838"}],"version-history":[{"count":6,"href":"https:\/\/warehouseracklatam.com\/el_salvador\/wp-json\/wp\/v2\/pages\/7838\/revisions"}],"predecessor-version":[{"id":7869,"href":"https:\/\/warehouseracklatam.com\/el_salvador\/wp-json\/wp\/v2\/pages\/7838\/revisions\/7869"}],"wp:attachment":[{"href":"https:\/\/warehouseracklatam.com\/el_salvador\/wp-json\/wp\/v2\/media?parent=7838"}],"curies":[{"name":"wp","href":"https:\/\/api.w.org\/{rel}","templated":true}]}}