{"id":7677,"date":"2023-01-16T12:34:45","date_gmt":"2023-01-16T18:34:45","guid":{"rendered":"https:\/\/warehouseracklatam.com\/el_salvador\/?post_type=product&#038;p=7677"},"modified":"2023-01-16T12:35:10","modified_gmt":"2023-01-16T18:35:10","slug":"racks-moviles-movirack","status":"publish","type":"product","link":"https:\/\/warehouseracklatam.com\/el_salvador\/producto\/racks-moviles-movirack\/","title":{"rendered":"RACKS M\u00d3VILES MOVIRACK"},"content":{"rendered":"","protected":false},"excerpt":{"rendered":"<div><img decoding=\"async\" src=\"\/wp-content\/uploads\/2022\/04\/icon-arrow.png\" \/> Este sistema sobre bases m\u00f3viles permite que un solo pasillo de trabajo sea v\u00e1lido<br \/>\npara acceder a varias estanter\u00edas.<br \/>\nCon Movirack se consigue compactar los racks y aumentar la capacidad del almac\u00e9n sin perder el acceso directo a cada tarima. Los racks se colocan sobre bases m\u00f3viles guiadas que se desplazan lateralmente; as\u00ed<br \/>\nse suprimen los pasillos y en el momento necesario se abre s\u00f3lo el de trabajo. Es el operario quien da la orden de apertura autom\u00e1tica mediante un control remoto o, de<br \/>\nforma manual, pulsando un interruptor. Estas bases disponen de motores, elementos de traslaci\u00f3n y diferentes sistemas de seguridad que garantizan un funcionamiento seguro y eficaz.<\/p>\n<\/div>\n<div><strong>Ventajas<\/strong><\/div>\n<div><img decoding=\"async\" src=\"\/wp-content\/uploads\/2022\/04\/icon-arrow.png\" \/> Sistema \u00f3ptimo para c\u00e1maras frigor\u00edficas, tanto de refrigeraci\u00f3n como de congelaci\u00f3n.<\/div>\n<div><img decoding=\"async\" src=\"\/wp-content\/uploads\/2022\/04\/icon-arrow.png\" \/> Incremento de la capacidad del almac\u00e9n.<\/div>\n<div><img decoding=\"async\" src=\"\/wp-content\/uploads\/2022\/04\/icon-arrow.png\" \/> Eliminaci\u00f3n de pasillos de acceso individuales.<\/div>\n","protected":false},"featured_media":7678,"template":"","meta":{"content-type":""},"product_cat":[67],"product_tag":[],"class_list":["post-7677","product","type-product","status-publish","has-post-thumbnail","hentry","product_cat-sistema-de-estanterias"],"_links":{"self":[{"href":"https:\/\/warehouseracklatam.com\/el_salvador\/wp-json\/wp\/v3\/product\/7677","targetHints":{"allow":["GET"]}}],"collection":[{"href":"https:\/\/warehouseracklatam.com\/el_salvador\/wp-json\/wp\/v3\/product"}],"about":[{"href":"https:\/\/warehouseracklatam.com\/el_salvador\/wp-json\/wp\/v2\/types\/product"}],"wp:featuredmedia":[{"embeddable":true,"href":"https:\/\/warehouseracklatam.com\/el_salvador\/wp-json\/wp\/v2\/media\/7678"}],"wp:attachment":[{"href":"https:\/\/warehouseracklatam.com\/el_salvador\/wp-json\/wp\/v2\/media?parent=7677"}],"wp:term":[{"taxonomy":"product_cat","embeddable":true,"href":"https:\/\/warehouseracklatam.com\/el_salvador\/wp-json\/wp\/v2\/product_cat?post=7677"},{"taxonomy":"product_tag","embeddable":true,"href":"https:\/\/warehouseracklatam.com\/el_salvador\/wp-json\/wp\/v2\/product_tag?post=7677"}],"curies":[{"name":"wp","href":"https:\/\/api.w.org\/{rel}","templated":true}]}}